remainder when 19263 is divided by 1202?
31
What is the remainder when 5399 is divided by 79?
27
Calculate the remainder when 11263 is divided by 1355.
423
What is the remainder when 30605 is divided by 51?
5
Calculate the remainder when 118367 is divided by 623.
620
What is the remainder when 15371 is divided by 43?
20
What is the remainder when 8207 is divided by 788?
327
Calculate the remainder when 24361 is divided by 761.
9
Calculate the remainder when 6664 is divided by 6564.
100
Calculate the remainder when 14341 is divided by 50.
41
What is the remainder when 402104 is divided by 26?
14
What is the remainder when 10961 is divided by 163?
40
Calculate the remainder when 65072 is divided by 1807.
20
What is the remainder when 75752 is divided by 64?
40
Calculate the remainder when 171624 is divided by 692.
8
What is the remainder when 121419 is divided by 40462?
33
Calculate the remainder when 6906 is divided by 224.
186
What is the remainder when 7121 is divided by 1770?
41
Calculate the remainder when 5111 is divided by 13.
2
Calculate the remainder when 3612674 is divided by 319.
318
What is the remainder when 200 is divided by 53?
41
Calculate the remainder when 145 is divided by 91.
54
What is the remainder when 393929 is divided by 178?
15
What is the remainder when 828 is divided by 414?
0
Calculate the remainder when 26471 is divided by 5294.
1
Calculate the remainder when 12031 is divided by 1717.
12
Calculate the remainder when 6458 is divided by 1203.
443
Calculate the remainder when 575104 is divided by 300.
4
What is the remainder when 4173 is divided by 24?
21
What is the remainder when 70482 is divided by 23472?
66
Calculate the remainder when 2422707 is divided by 135.
132
What is the remainder when 1583746 is divided by 87?
85
Calculate the remainder when 8458 is divided by 1477.
1073
Calculate the remainder when 232219 is divided by 46442.
9
What is the remainder when 1525 is divided by 1482?
43
What is the remainder when 587911 is divided by 136?
119
Calculate the remainder when 6380 is divided by 6.
2
Calculate the remainder when 658688 is divided by 7.
2
Calculate the remainder when 999647 is divided by 24.
23
Calculate the remainder when 3313 is divided by 152.
121
What is the remainder when 1943 is divided by 659?
625
Calculate the remainder when 6330 is divided by 3149.
32
Calculate the remainder when 11068 is divided by 123.
121
Calculate the remainder when 840 is divided by 824.
16
Calculate the remainder when 12933 is divided by 294.
291
What is the remainder when 1115488 is divided by 618?
616
What is the remainder when 2394 is divided by 785?
39
Calculate the remainder when 65319 is divided by 65.
59
What is the remainder when 227080 is divided by 762?
4
What is the remainder when 247657 is divided by 82489?
190
What is the remainder when 103315 is divided by 71?
10
What is the remainder when 46656 is divided by 1097?
582
What is the remainder when 20695 is divided by 36?
31
What is the remainder when 13643 is divided by 36?
35
Calculate the remainder when 6313 is divided by 54.
49
What is the remainder when 9700 is divided by 418?
86
What is the remainder when 36762 is divided by 928?
570
Calculate the remainder when 459456 is divided by 214.
212
Calculate the remainder when 9164 is divided by 102.
86
Calculate the remainder when 3428 is divided by 38.
8
Calculate the remainder when 3662664 is divided by 333.
330
What is the remainder when 114362 is divided by 5?
2
What is the remainder when 1451 is divided by 42?
23
Calculate the remainder when 41901 is divided by 378.
321
What is the remainder when 131757 is divided by 72?
69
What is the remainder when 15786 is divided by 1966?
58
What is the remainder when 58183 is divided by 16?
7
What is the remainder when 22624 is divided by 180?
124
Calculate the remainder when 15143 is divided by 53.
38
What is the remainder when 25389 is divided by 1154?
1
Calculate the remainder when 5412 is divided by 601.
3
Calculate the remainder when 47376 is divided by 49.
42
Calculate the remainder when 151092 is divided by 2128.
4
What is the remainder when 1778 is divided by 829?
120
Calculate the remainder when 1917 is divided by 1884.
33
What is the remainder when 3388 is divided by 243?
229
Calculate the remainder when 35465 is divided by 35460.
5
Calculate the remainder when 36211 is divided by 188.
115
Calculate the remainder when 82989 is divided by 42.
39
Calculate the remainder when 21620 is divided by 25.
20
What is the remainder when 117321 is divided by 21?
15
What is the remainder when 16297 is divided by 120?
97
Calculate the remainder when 16336 is divided by 31.
30
Calculate the remainder when 5552 is divided by 2776.
0
Calculate the remainder when 176713 is divided by 299.
4
Calculate the remainder when 11579 is divided by 8.
3
What is the remainder when 29351 is divided by 21?
14
Calculate the remainder when 139435 is divided by 5576.
35
What is the remainder when 424943 is divided by 13?
12
What is the remainder when 4454 is divided by 1113?
2
Calculate the remainder when 940795 is divided by 156796.
19
Calculate the remainder when 1241407 is divided by 326.
325
What is the remainder when 9229 is divided by 2874?
607
What is the remainder when 2487 is divided by 154?
23
Calculate the remainder when 16954 is divided by 55.
14
Calculate the remainder when 6147 is divided by 186.
9
Calculate the remainder when 5057 is divided by 106.
75
What is the remainder when 12965 is divided by 49?
29
What is the remainder when 77080 is divided by 607?
598
What is the remainder when 3505 is divided by 98?
75
What is the remainder when 306618 is divided by 20440?
18
Calculate the remainder when 30490 is divided by 363.
361
Calculate the remainder when 3324 is divided by 525.
174
What is the remainder when 3445 is divided by 125?
70
Calculate the remainder when 438470 is divided by 927.
926
What is the remainder when 632 is divided by 625?
7
What is the remainder when 4128 is divided by 2442?
1686
Calculate the remainder when 16732 is divided by 54.
46
Calculate the remainder when 41081 is divided by 15.
11
What is the remainder when 4842 is divided by 346?
344
What is the remainder when 151898 is divided by 75938?
22
What is the remainder when 56473 is divided by 56458?
15
Calculate the remainder when 68199 is divided by 419.
321
Calculate the remainder when 16438 is divided by 8218.
2
Calculate the remainder when 3958 is divided by 84.
10
Calculate the remainder when 12752 is divided by 2530.
102
Calculate the remainder when 2926 is divided by 2863.
63
What is the remainder when 4345 is divided by 4211?
134
What is the remainder when 35122 is divided by 158?
46
What is the remainder when 2567266 is divided by 27?
25
Calculate the remainder when 1083 is divided by 111.
84
What is the remainder when 67014 is divided by 65?
64
What is the remainder when 6490 is divided by 2157?
19
Calculate the remainder when 2335 is divided by 2113.
222
Calculate the remainder when 379672 is divided by 678.
670
What is the remainder when 2043 is divided by 254?
11
Calculate the remainder when 228986 is divided by 64.
58
Calculate the remainder when 287214 is divided by 155.
154
Calculate the remainder when 34276 is divided by 76.
0
What is the remainder when 211120 is divided by 187?
184
Calculate the remainder when 84414 is divided by 71.
66
Calculate the remainder when 312 is divided by 175.
137
Calculate the remainder when 430286 is divided by 17.
16
What is the remainder when 3170 is divided by 3152?
18
Calculate the remainder when 51982 is divided by 227.
226
What is the remainder when 53163 is divided by 281?
54
What is the remainder when 102448 is divided by 1970?
8
What is the remainder when 387 is divided by 26?
23
Calculate the remainder when 284380 is divided by 94789.
13
Calculate the remainder when 213712 is divided by 265.
122
Calculate the remainder when 368124 is divided by 31.
30
What is the remainder when 6405 is divided by 1597?
17
What is the remainder when 706411 is divided by 235469?
4
Calculate the remainder when 55838 is divided by 503.
5
What is the remainder when 10993 is divided by 70?
3
Calculate the remainder when 6576 is divided by 1061.
210
Calculate the